tor of 11504?
False
Is 5 a factor of 4250?
True
Is 10 a factor of 11007?
False
Is 103 a factor of 2628?
False
Does 30 divide 45360?
True
Is 6901 even?
False
Is 133 a factor of 3759?
False
Is 1427 a multiple of 4?
False
Is 3627 a multiple of 93?
True
Does 64 divide 9894?
False
Is 25 a factor of 1625?
True
Is 22 a factor of 13098?
False
Is 76 a factor of 7372?
True
Does 169 divide 45968?
True
Does 96 divide 1144?
False
Is 3333 a multiple of 86?
False
Is 147870 a multiple of 15?
True
Is 2740 a multiple of 137?
True
Is 1179 a multiple of 8?
False
Does 17 divide 1611?
False
Is 40041 a multiple of 16?
False
Is 79 a factor of 88638?
True
Is 13 a factor of 19124?
False
Is 6 a factor of 480?
True
Is 78 a factor of 4313?
False
Does 52 divide 12948?
True
Is 37 a factor of 2934?
False
Does 5 divide 29459?
False
Does 17 divide 9316?
True
Is 234 a multiple of 26?
True
Is 5 a factor of 1590?
True
Is 28 a factor of 60760?
True
Is 70 a factor of 44170?
True
Is 1810 a multiple of 4?
False
Is 107 a factor of 47508?
True
Is 8 a factor of 20641?
False
Is 15505 a multiple of 35?
True
Is 91 a factor of 28617?
False
Is 183 a factor of 6405?
True
Does 6 divide 36642?
True
Is 25847 a multiple of 6?
False
Is 600 a multiple of 20?
True
Is 57 a factor of 3160?
False
Is 229 a multiple of 27?
False
Is 112 a multiple of 14?
True
Does 28 divide 18757?
False
Is 5 a factor of 975?
True
Is 60710 a multiple of 130?
True
Is 915 a multiple of 40?
False
Is 54 a factor of 4446?
False
Is 29754 a multiple of 27?
True
Is 2 a factor of 25?
False
Is 31 a factor of 42284?
True
Does 8 divide 4865?
False
Does 31 divide 1667?
False
Is 10 a factor of 260?
True
Does 19 divide 684?
True
Does 19 divide 5472?
True
Is 17639 a multiple of 30?
False
Does 13 divide 34292?
False
Does 193 divide 53699?
False
Is 12 a factor of 25?
False
Does 205 divide 6560?
True
Is 720 a multiple of 24?
True
Is 22 a factor of 424?
False
Is 8 a factor of 136?
True
Is 425 a multiple of 44?
False
Is 80 a factor of 9795?
False
Is 14232 a multiple of 50?
False
Is 2198 a multiple of 28?
False
Is 4 a factor of 9168?
True
Does 92 divide 1403?
False
Does 121 divide 1573?
True
Does 4 divide 5054?
False
Does 16 divide 400?
True
Does 68 divide 2706?
False
Does 14 divide 1276?
False
Is 18 a factor of 2484?
True
Is 61411 a multiple of 217?
True
Does 14 divide 532?
True
Is 4870 a multiple of 25?
False
Is 33 a factor of 2475?
True
Does 21 divide 6727?
False
Is 17 a factor of 1530?
True
Is 28 a multiple of 7?
True
Does 77 divide 597?
False
Is 17 a factor of 414?
False
Is 4 a factor of 694?
False
Is 39809 a multiple of 47?
True
Is 423 a multiple of 32?
False
Is 160 a multiple of 5?
True
Does 99 divide 32397?
False
Is 9152 a multiple of 52?
True
Is 19 a factor of 40436?
False
Is 25 a factor of 1118?
False
Is 4126 a multiple of 154?
False
Is 27 a factor of 2835?
True
Is 16533 a multiple of 15?
False
Is 16 a factor of 171?
False
Is 2115 a multiple of 8?
False
Is 8 a factor of 734?
False
Is 63 a factor of 570?
False
Does 28 divide 1092?
True
Is 34 a factor of 1530?
True
Is 4112 a multiple of 7?
False
Is 12 a factor of 445?
False
Is 1220 a multiple of 61?
True
Is 19 a factor of 76?
True
Is 10555 a multiple of 12?
False
Does 42 divide 18564?
True
Is 53 a factor of 1974?
False
Is 18644 a multiple of 21?
False
Does 27 divide 20736?
True
Is 69733 a multiple of 10?
False
Is 35 a factor of 2866?
False
Does 41 divide 15785?
True
Is 8 a factor of 650?
False
Is 1372 a multiple of 98?
True
Is 828 a multiple of 36?
True
Is 1983 a multiple of 11?
False
Does 85 divide 698?
False
Is 59 a multiple of 3?
False
Is 34423 a multiple of 29?
True
Is 23 a factor of 989?
True
Is 3222 a multiple of 51?
False
Is 20 a factor of 1093?
False
Does 13 divide 818?
False
Is 12 a factor of 195?
False
Does 12 divide 5694?
False
Is 11673 a multiple of 133?
False
Does 234 divide 11700?
True
Does 14 divide 795?
False
Is 35 a factor of 770?
True
Is 4 a factor of 78?
False
Is 35 a factor of 11445?
True
Is 3615 a multiple of 15?
True
Is 10 a factor of 300?
True
Does 248 divide 21394?
False
Is 5 a factor of 801?
False
Does 197 divide 83725?
True
Is 180 a multiple of 4?
True
Is 54 a factor of 4698?
True
Is 10 a factor of 179?
False
Does 17 divide 17340?
True
Is 25770 a multiple of 30?
True
Is 99883 a multiple of 133?
True
Does 34 divide 8092?
True
Does 3 divide 426?
True
Does 7 divide 415?
False
Is 64 a factor of 12992?
True
Is 9 a factor of 572?
False
Does 18 divide 774?
True
Does 33 divide 1485?
True
Does 76 divide 2812?
True
Is 13 a factor of 75669?
False
Is 1707 a multiple of 15?
False
Is 32 a factor of 16960?
True
Does 108 divide 2160?
True
Is 72 a factor of 3744?
True
Does 386 divide 165713?
False
Does 18 divide 194?
False
Is 5958 a multiple of 15?
False
Is 893 a multiple of 14?
False
Is 8 a factor of 470?
False
Does 33 divide 132?
True
Is 16714 a multiple of 122?
True
Is 106 a factor of 10775?
False
Does 35 divide 2550?
False
Is 42 a factor of 934?
False
Is 12 a factor of 305?
False
Is 665 a multiple of 11?
False
Is 13 a factor of 29?
False
Is 10680 a multiple of 20?
True
Does 75 divide 19500?
True
Is 63 a factor of 3087?
True
Does 3 divide 431?
False
Does 9 divide 297?
True
Is 1042 a multiple of 43?
False
Is 12 a factor of 134?
False
Does 13 divide 3523?
True
Is 22188 a multiple of 172?
True
Does 20 divide 2520?
True
Does 16 divide 1146?
False
Does 16 divide 1632?
True
Does 5 divide 25?
True
Is 230 a factor of 32747?
False
Does 73 divide 109427?
True
Does 26 divide 12376?
True
Is 153 a factor of 2142?
True
Does 117 divide 15152?
False
Is 3346 a multiple of 22?
False
Is 128 a factor of 14592?
True
Is 583 a multiple of 11?
True
Is 15 a factor of 12195?
True
Does 9 divide 551?
False
Is 2171 a multiple of 43?
False
Is 3962 a multiple of 65?
False
Does 14 divide 333?
False
Does 9 divide 8537?
False
Does 68 divide 15504?
True
Is 16 a factor of 4928?
True
Is 6018 a multiple of 196?
False
Is 2 a factor of 3837?
False
Does 9 divide 1818?
True
Does 72 divide 4104?
True
Is 112 a factor of 2688?
True
Is 22 a factor of 880?
True
Is 7 a factor of 105?
True
Is 814 a multiple of 44?
False
Does 3 divide 1909?
False
Is 7181 a multiple of 43?
True
Is 42 a factor of 2422?
False
Is 49 a factor of 1141?
False
Is 5478 a multiple of 83?
True
Does 167 divide 4189?
False
Is 464 a multiple of 8?
True
Is 240 a multiple of 21?
False
Is 84 a multiple of 3?
True
Does 20 divide 860?
True
Is 12534 a multiple of 25?
False
Is 15 a factor of 24495?
True
Is 1346 a multiple of 13?
False
Does 27 divide 485?
False
Is 1476 a multiple of 12?
True
Is 9072 a multiple of 28?
True
Does 148 divide 55029?
False
Is 22 a factor of 2530?
True
Does 83 divide 729?
False
Is 10526 a multiple of 38?
True
Is 100 a factor of 124700?
True
Is 7 a factor of 77?
True
Is 919 a multiple of 12?
False
Is 46 a factor of 170?
False
Is 610 a multiple of 16?
False
Is 13522 a multiple of 18?
False
Is 1765 a multiple of 10?
False
Does 24 divide 3224?
False
Is 57 a factor of 925?
False
Is 22908 a multiple of 83?
True
Is 17 a factor of 82059?
True
Is 4 a factor of 380?
True
Is 6201 a multiple of 73?
False
Is 280 a multiple of 8?
True
Is 5 a factor of 815?
True
Is 761 a multiple of 9?
False
Does 36 divide 1152?
True
Does 14 divide 140?
True
Is 3317 a multiple of 107?
True
Is 10 a factor of 2810?
True
Is 4900 a multiple of 165?
False
Does 8 divide 3080?
True
Is 11 a factor of 847?
True
Is 41354 a multiple of 62?
True
Does 11 divide 22?
True
Does 38 divide 2546?
True
Does 36 divide 178?
False
Is 201 a multiple of 40?
False
Is 25020 a multiple of 60?
True
Is 9 a factor of 88?
False
Is 1309 a multiple of 11?
True
Does 15 divide 7490?
False
Does 20 divide 9660?
True
Is 429 a multiple of 13?
True
Is 28 a factor of 13272?
True
Does 5 divide 4145?
True
Is 6948 a multiple of 18?
True
Is 1344 a multiple of 11?
False
Is 7 a factor of 259?
True
Does 13 divide 27446?
False
Is 13 a factor of 9051?
False
Is 127 a multiple of 2?
False
Does 4 divide 289?
False
Is 186 a multiple of 19?
False
Does 38 divide 161485?
False
Is 31 a factor of 1647?
False
Does 34 divide 17911?
False
Is 3128 a multiple of 46?
True
Is 5576 a multiple of 8?
True
Is 598 a multiple of 13?
True
Does 19 divide 2253?
False
Is 7 a factor of 70?
True
Is 3 a factor of 4154?
False
Is 513 a multip